 47 and w.
47
Suppose 0*l = 4*u - 5*l - 60, u = 3*l + 15. Let g = u - -5. Calculate the greatest common factor of g and 60.
20
Let x be (-8 - 2)*(-14)/4. Suppose -2*h = 11 - x. Calculate the highest common factor of 108 and h.
12
Let m(d) = -d**2 - 8*d - 11. Let b be m(-9). Let y be -1*(2 + 1*b). What is the highest common factor of y and 126?
18
Suppose -3*o + 3*w + 27 = 0, -3*o - 2*w - 3 = -10. Suppose -3*f + o*f - 6 = 0. What is the greatest common factor of 3 and f?
3
Let r(b) = b**2 + 4. Let q be r(0). Calculate the highest common divisor of q and 2.
2
Suppose 0*f + 5*b = -f + 18, 35 = 3*f - 4*b. Calculate the greatest common divisor of f and 221.
13
Let k(w) = -2*w**3 - w**2 - w - 1. Let u be k(-1). Let p = u - -5. What is the highest common factor of p and 9?
3
Let z be 10 - 6/15*10. Suppose -3*i = -32 - 166. Calculate the greatest common divisor of z and i.
6
Suppose 2*a + 28 = 2*t, -3*t + 13 = -4*a - 29. Let x = t + 4. Suppose -7*u = -3*u - 24. Calculate the greatest common factor of u and x.
6
Let z(f) = -2*f**3 - 6*f**2 + 7*f - 3. Let p be z(-6). Calculate the highest common factor of 19 and p.
19
Let p(q) = -q**2 - 6*q - 6. Let g be p(-6). Let w be 4/(g/99*-3). What is the greatest common divisor of 33 and w?
11
Let m be -1 + (-1 - -2)/(-1). Let x = -1 - m. Calculate the greatest common factor of x and 1.
1
Let l = -286 + 406. Suppose -5*a - 52 = -2*w, -3*w - 3*a = -0*w - l. Let m be 32*(-1 + (-14)/(-8)). What is the greatest common divisor of m and w?
12
Suppose -z - 7 + 25 = 0. Suppose -21 = -f + z. What is the greatest common divisor of f and 13?
13
Suppose -44*d = -41*d - 81. What is the highest common factor of 108 and d?
27
Let a = 0 - 2. Let z be (2 - 15/a)*10. What is the highest common divisor of z and 38?
19
Let d(r) = 3*r**2 - 3*r + 4. Let z be d(-3). What is the greatest common divisor of z and 5?
5
Let o(d) = -d + 14. Let w be o(0). Let u = -1 + 1. Suppose -r + 2*b = -95 - 21, 2*r - 5*b - 227 = u. Calculate the greatest common factor of w and r.
14
Let c = -5 - -7. Calculate the greatest common factor of c and 22.
2
Let n be (-2)/(-3)*6/2. Suppose 3*y = 5*i - n*i - 57, 2*i + 4*y - 8 = 0. What is the greatest common divisor of 14 and i?
14
Suppose 2*p + 13 = -3*a, -p + 8 = 2*p - a. Let x be (-2331)/(-315) - (-3)/5. What is the highest common divisor of p and x?
1
Let v = 0 + 1. Suppose -55 = i - 2*i. Let o be (-3 + 1)/((-10)/i). Calculate the highest common factor of o and v.
1
Suppose 0 = -7*v - 0*v + 49. What is the greatest common factor of 14 and v?
7
Suppose -42*v - 240 = -45*v. Calculate the highest common divisor of 30 and v.
10
Suppose -278 - 472 = -5*b. Suppose 6*j = j + b. Suppose 0 = -0*c + 2*c - 150. Calculate the highest common factor of j and c.
15
Suppose s + 3 = 51. Let x(q) = q**3 - 5*q**2 + 4*q. Let c be x(5). Suppose -c = -4*b + 4. What is the highest common factor of b and s?
6
Suppose 0 = -5*a + 38 + 22. Calculate the greatest common factor of 48 and a.
12
Let p be (-3)/(-1) + 9*6. Let v = 117 - p. Let w = v + -42. Calculate the greatest common divisor of w and 12.
6
Let p = 0 + 105. What is the highest common divisor of p and 21?
21
Let k = -63 + 79. Let z be 244/10 - (-8)/(-20). Calculate the greatest common factor of z and k.
8
Suppose 3 = c + 5. Let x be 9 - (-1 - c) - -1. What is the greatest common factor of x and 63?
9
Let d(o) = 10 - 2 + 8*o**2 + 5*o**3 - 7*o - 6*o**3. Let r be 72/8 - 6/3. Let p be d(r). What is the greatest common divisor of 40 and p?
8
Suppose -4*m = 4*z - 92, -4*m = 3*z - 76 - 11. Let o(n) = -10*n - n**3 - 6 - 8*n**2 - 2 - 1. Let h be o(-7). What is the greatest common factor of h and m?
6
Suppose -6 - 42 = -6*u. What is the greatest common divisor of u and 12?
4
Suppose i - 483 = -4*d, -3*d = -0*d + 4*i - 359. Calculate the highest common divisor of d and 11.
11
Let v(h) = h + 7. Let p(q) = -4*q**2. Let c be p(-1). Let k be v(c). Suppose 2 = -4*i + 14. Calculate the greatest common divisor of i and k.
3
Let o(y) = 21*y. Let n be o(1). Calculate the highest common divisor of 28 and n.
7
Suppose -x + 6*x - 2105 = 0. Suppose -3*s = 5*b - 7*s - x, -2*s - 251 = -3*b. What is the greatest common factor of 9 and b?
9
Let x be (4 - 3)*3/(-3). Let p = 2 - x. Let y be 1/((p - 2)/8). What is the greatest common factor of y and 12?
4
Let m(t) = -t**2 - 9*t - 14. Let f be m(-6). What is the greatest common divisor of 16 and f?
4
Suppose -2*f - f = -198. What is the highest common divisor of 99 and f?
33
Suppose -3*u + 44 = 2*t, -43 = -u + 2*t + 3*t. Calculate the greatest common factor of u and 36.
18
Let o(z) = z**2 - 2*z + 4. Let n be o(3). Suppose -n*i = -5*i - 36. What is the highest common divisor of 9 and i?
9
Suppose -2*y + 3*t + 43 = 0, 0*y + 2*t = -2*y + 18. Calculate the highest common divisor of y and 126.
14
Suppose 5*r - 405 = -70. Calculate the highest common factor of 469 and r.
67
Let u = 58 - 48. What is the highest common divisor of u and 25?
5
Let z be 3/(-18)*-2*-9. Let g be (z/5)/(13/(-195)). Calculate the highest common factor of 1 and g.
1
Suppose j = 5*j - 68. Let d(v) = -4*v**3 - 4*v**2 + v - 1. Let m be d(-4). Calculate the highest common divisor of m and j.
17
Let i(v) = -v + 4. Let o be i(3). Suppose -o = -l + 32. What is the highest common divisor of l and 22?
11
Suppose 3*d + 0*j - 12 = 5*j, -2*j = -3*d + 12. Suppose 5*z - 75 = d*u, -3*u - 48 = -2*z - z. Let l = -1 + 23. What is the greatest common factor of z and l?
11
Let u = -31 - -67. What is the greatest common divisor of 9 and u?
9
Suppose 0 = -2*o + 6*o - 12. Let u(a) = a**3 - 10*a**2 + 11*a + 15. Let k be u(9). What is the greatest common divisor of k and o?
3
Let q be 4/8 + 6/4. Suppose 4*p + 4 = -q*y, -2*p - 6*y - 14 = -2*y. Let d be -1 + 1/(1/10). What is the highest common divisor of p and d?
1
Suppose -2*m = m - 18. Suppose 0*u + 222 = 2*u. Suppose 4*c + 15 = u. What is the highest common factor of m and c?
6
Let r = -34 - -69. Suppose -4*n + r = -45. Let s = -6 + n. What is the highest common divisor of 70 and s?
14
Suppose -2*c = -3*c + 1. What is the highest common divisor of c and 1?
1
Suppose 29 = 3*t - 4*a, -3*a + 6*a = 3*t - 27. Let x(k) = k**2 - 8*k + 9. Let p be x(t). Let q = -109 + 119. Calculate the greatest common divisor of p and q.
2
Let o(r) = 49*r**2 - r. Let v be o(1). Suppose -v = -2*h + h. Calculate the highest common factor of h and 16.
16
Let b(j) = -j**2 + 2*j + 12. Let g be b(0). Suppose -15 - 9 = -4*f. Suppose -2*x = -f*x + 16. Calculate the highest common divisor of x and g.
4
Let c = -18 - -21. Suppose 6 - c = g. Calculate the highest common factor of g and 2.
1
Suppose f + f - 22 = 0. Suppose 3*k - u = 4*u + 246, -3*k = 3*u - 222. Calculate the greatest common factor of k and f.
11
Let p be 2*5 + 1*2. Let v = 18 - p. Suppose 3*i + 9 = k - 0*k, i - 77 = -5*k. What is the greatest common factor of v and k?
3
Suppose 0 = 4*l - 7*m + 2*m - 335, -3*l - 4*m + 290 = 0. Calculate the highest common factor of l and 10.
10
Let r(q) = -q**3 + 2*q**2 - 1. Let s be r(-1). Suppose -y - 10 = u, 3*y + 3 = s*u - 2. Let v = u + 18. What is the highest common divisor of 39 and v?
13
Let d = -16 + 26. Suppose 3*y - 13 - 5 = 0. Suppose x = z + y, -3*x + d + 0 = z. Calculate the highest common divisor of 1 and x.
1
Let h(q) = 90*q - 2. Let x be h(1). What is the greatest common divisor of 8 and x?
8
Let u = -53 + 89. What is the highest common divisor of u and 48?
12
Suppose 2*j = -0*j + 1214. Suppose j = 4*a - l, 4*l + l = 2*a - 281. Calculate the highest common divisor of 17 and a.
17
Let t be (45/6)/(4/8). Suppose 3*c = -2*c - t, -2*c = -q + 18. Calculate the greatest common factor of 36 and q.
12
Suppose 5*w + 32 + 8 = 4*y, 3*y + 5*w = 65. Suppose 30 + 30 = 2*c. Calculate the highest common divisor of y and c.
15
Suppose 4*b - 3*o = -71 - 35, 2 = o. Let y be (390/b)/(2/(-10)). Calculate the highest common divisor of 13 and y.
13
Let r(s) = -3*s - 3. Let o be r(-6). What is the greatest common factor of o and 120?
15
Suppose 0*j = j. Suppose j*l - 3*l = -2*f - 12, l + 3*f = -7. Suppose 32 = 5*v + l. What is the greatest common factor of v and 6?
6
Let g(m) be the second derivative of -m**4/12 - 2*m**3/3 + 7*m**2/2 - 2*m. Let o be g(-6). Let u = 13 + o. What is the greatest commo